{"id":89,"date":"2023-08-29T22:55:51","date_gmt":"2023-08-29T20:55:51","guid":{"rendered":"https:\/\/taramboyle.fr\/?page_id=89"},"modified":"2023-08-31T16:03:57","modified_gmt":"2023-08-31T14:03:57","slug":"lamour-en-cage-taram-boyle","status":"publish","type":"page","link":"https:\/\/taramboyle.fr\/index.php\/les-romans-de-taram-boyle\/lamour-en-cage-taram-boyle\/","title":{"rendered":"L&rsquo;Amour en cage \u2022 Taram Boyle"},"content":{"rendered":"\n<p><\/p>\n\n\n\n<p><strong>L\u2019Amour en cage de Taram Boyle \u2014 \u00e9dition 2020 \u2014 <em>Plus de texte pour plus de plaisir<\/em><\/strong><\/p>\n\n\n\n<p>Julien, grand brun au regard t\u00e9n\u00e9breux, rencontre Valentin, un blond magnifique, dont il tombe \u00e9perdument amoureux. Mais Valentin, bien que dot\u00e9 de tous les charmes, supporte difficilement qu&rsquo;on le touche. Julien a des pulsions sexuelles envahissantes et va devoir choisir entre exprimer librement sa sexualit\u00e9 avec des amants occasionnels ou s\u2019investir s\u00e9rieusement dans un amour qui pourrait bien ne jamais le satisfaire.<\/p>\n\n\n\n<p><\/p>\n\n\n\n<p><strong>L&rsquo;Amour en cage 257 320 caract\u00e8res 43 805 mots<\/strong><\/p>\n\n\n\n<p>D\u00e9tails sur le produit<\/p>\n\n\n\n<p>ASIN : B08L6VGPLD<\/p>\n\n\n\n<p>Langue : Fran\u00e7ais<\/p>\n\n\n\n<p>Taille du fichier : 1536 KB<\/p>\n\n\n\n<p>Synth\u00e8se vocale : Activ\u00e9e<\/p>\n\n\n\n<p>Lecteur d\u2019\u00e9cran : Pris en charge<\/p>\n\n\n\n<p>Confort de lecture : Activ\u00e9<\/p>\n\n\n\n<p>Word Wise : Non activ\u00e9<\/p>\n\n\n\n<p>Pense-b\u00eates : Sur Kindle Scribe<\/p>\n\n\n\n<p>Nombre de pages de l&rsquo;\u00e9dition imprim\u00e9e : 207 pages<\/p>\n\n\n\n<p><a href=\"https:\/\/www.amazon.fr\/dp\/B08LJPTZMG\" target=\"_blank\" rel=\"noreferrer noopener\">Commander sur Amazon<\/a><\/p>\n\n\n\n<p><a href=\"https:\/\/www.kobo.com\/fr\/fr\/ebook\/l-amour-en-cage-6\" target=\"_blank\" rel=\"noreferrer noopener\">Commander sur kobo<\/a><\/p>\n\n\n\n<figure class=\"wp-block-image size-large\"><img loading=\"lazy\" decoding=\"async\" width=\"743\" height=\"1024\" src=\"https:\/\/taramboyle.fr\/wp-content\/uploads\/2023\/08\/20201013_Taram_Boyle_LAmour_En_cage_A4-743x1024.jpg\" alt=\"L'Amour en cage de Taram Boyle\" class=\"wp-image-30\" srcset=\"https:\/\/taramboyle.fr\/wp-content\/uploads\/2023\/08\/20201013_Taram_Boyle_LAmour_En_cage_A4-743x1024.jpg 743w, https:\/\/taramboyle.fr\/wp-content\/uploads\/2023\/08\/20201013_Taram_Boyle_LAmour_En_cage_A4-scaled-600x827.jpg 600w, https:\/\/taramboyle.fr\/wp-content\/uploads\/2023\/08\/20201013_Taram_Boyle_LAmour_En_cage_A4-218x300.jpg 218w, https:\/\/taramboyle.fr\/wp-content\/uploads\/2023\/08\/20201013_Taram_Boyle_LAmour_En_cage_A4-768x1058.jpg 768w, https:\/\/taramboyle.fr\/wp-content\/uploads\/2023\/08\/20201013_Taram_Boyle_LAmour_En_cage_A4-1115x1536.jpg 1115w, https:\/\/taramboyle.fr\/wp-content\/uploads\/2023\/08\/20201013_Taram_Boyle_LAmour_En_cage_A4-1486x2048.jpg 1486w, https:\/\/taramboyle.fr\/wp-content\/uploads\/2023\/08\/20201013_Taram_Boyle_LAmour_En_cage_A4-scaled.jpg 1858w\" sizes=\"auto, (max-width: 743px) 100vw, 743px\" \/><\/figure>\n\n\n\n<figure class=\"wp-block-gallery has-nested-images columns-default is-cropped wp-block-gallery-1 is-layout-flex wp-block-gallery-is-layout-flex\"><\/figure>\n\n\n\n<p><\/p>\n\n\n\n<p><\/p>\n\n\n\n<figure class=\"wp-block-gallery has-nested-images columns-default is-cropped wp-block-gallery-2 is-layout-flex wp-block-gallery-is-layout-flex\"><\/figure>\n","protected":false},"excerpt":{"rendered":"<p>L\u2019Amour en cage de Taram Boyle \u2014 \u00e9dition 2020 \u2014 Plus de texte pour plus de plaisir Julien, grand brun au regard t\u00e9n\u00e9breux, rencontre Valentin, un blond magnifique, dont il tombe \u00e9perdument amoureux. Mais Valentin, bien que dot\u00e9 de tous les charmes, supporte difficilement qu&rsquo;on le touche. Julien a des pulsions sexuelles envahissantes et va [&hellip;]<\/p>\n","protected":false},"author":1,"featured_media":30,"parent":431,"menu_order":0,"comment_status":"closed","ping_status":"closed","template":"","meta":{"footnotes":""},"class_list":["post-89","page","type-page","status-publish","has-post-thumbnail","hentry"],"_links":{"self":[{"href":"https:\/\/taramboyle.fr\/index.php\/wp-json\/wp\/v2\/pages\/89","targetHints":{"allow":["GET"]}}],"collection":[{"href":"https:\/\/taramboyle.fr\/index.php\/wp-json\/wp\/v2\/pages"}],"about":[{"href":"https:\/\/taramboyle.fr\/index.php\/wp-json\/wp\/v2\/types\/page"}],"author":[{"embeddable":true,"href":"https:\/\/taramboyle.fr\/index.php\/wp-json\/wp\/v2\/users\/1"}],"replies":[{"embeddable":true,"href":"https:\/\/taramboyle.fr\/index.php\/wp-json\/wp\/v2\/comments?post=89"}],"version-history":[{"count":3,"href":"https:\/\/taramboyle.fr\/index.php\/wp-json\/wp\/v2\/pages\/89\/revisions"}],"predecessor-version":[{"id":110,"href":"https:\/\/taramboyle.fr\/index.php\/wp-json\/wp\/v2\/pages\/89\/revisions\/110"}],"up":[{"embeddable":true,"href":"https:\/\/taramboyle.fr\/index.php\/wp-json\/wp\/v2\/pages\/431"}],"wp:featuredmedia":[{"embeddable":true,"href":"https:\/\/taramboyle.fr\/index.php\/wp-json\/wp\/v2\/media\/30"}],"wp:attachment":[{"href":"https:\/\/taramboyle.fr\/index.php\/wp-json\/wp\/v2\/media?parent=89"}],"curies":[{"name":"wp","href":"https:\/\/api.w.org\/{rel}","templated":true}]}}