{"id":497,"date":"2023-09-05T13:31:05","date_gmt":"2023-09-05T11:31:05","guid":{"rendered":"https:\/\/taramboyle.fr\/?page_id=497"},"modified":"2023-10-01T19:39:00","modified_gmt":"2023-10-01T17:39:00","slug":"lecteurs","status":"publish","type":"page","link":"https:\/\/taramboyle.fr\/index.php\/lecteurs\/","title":{"rendered":"Lecteurs"},"content":{"rendered":"<div class=\"wp-block-image\">\n<figure class=\"alignleft size-full is-resized\"><img loading=\"lazy\" decoding=\"async\" src=\"https:\/\/taramboyle.fr\/wp-content\/uploads\/2022\/04\/1649407517826604-0.jpg\" alt=\"\" class=\"wp-image-326\" style=\"width:245px;height:307px\" width=\"245\" height=\"307\"\/><\/figure>\n<\/div>\n\n\n<h2 class=\"wp-block-heading\">St\u00e9phanie<\/h2>\n\n\n\n<p><em><strong>Quels sont tes \u00e9crivains pr\u00e9f\u00e9r\u00e9s ?<\/strong><\/em><\/p>\n\n\n\n<p><em>Taram Boyle, Harlan Coben et Franck Thilliez<\/em><\/p>\n\n\n\n<p><strong><em>Quel est ton roman pr\u00e9f\u00e9r\u00e9 de Taram ?<\/em><\/strong><\/p>\n\n\n\n<p><em>Honn\u00eatement je les ai tous appr\u00e9ci\u00e9s et il est difficile de faire un choix, cependant je dirais que les deux tomes de \u00ab L&rsquo;Amour d&rsquo;un ma\u00eetre \u00bb sont ceux qui m\u2019ont le plus marqu\u00e9s<\/em>.<\/p>\n\n\n\n<p><strong><em>Pourquoi \u00ab L&rsquo;Amour d&rsquo;un Ma\u00eetre \u00bb ?<\/em><\/strong><\/p>\n\n\n\n<p><em>J\u2019ai aim\u00e9 la mani\u00e8re de pr\u00e9senter le sujet de mani\u00e8re transparente et tr\u00e8s pr\u00e9cise. J\u2019ai d\u00e9couvert le monde du BDSM avec ses r\u00e8gles. On comprend parfaitement le respect mutuel qu\u2019on doit trouver entre les partenaires et aussi les limites \u00e0 ne pas d\u00e9passer.<\/em><\/p>\n\n\n\n<p><em>J\u2019ai aim\u00e9 \u00e9galement la fluidit\u00e9 d\u2019\u00e9criture d\u2019ailleurs pr\u00e9sente dans tous ses livres ainsi que la capacit\u00e9 \u00e0 tenir le lecteur en haleine, d\u2019un bout \u00e0 l\u2019autre .. r\u00e9sultat on ne le referme qu\u2019apr\u00e8s la derni\u00e8re page une fois qu\u2019on l\u2019a commenc\u00e9 !<\/em><\/p>\n\n\n<div class=\"wp-block-image\">\n<figure class=\"alignleft size-full is-resized\"><img loading=\"lazy\" decoding=\"async\" src=\"https:\/\/taramboyle.fr\/wp-content\/uploads\/2022\/08\/1661502068870615-0.png\" alt=\"\" class=\"wp-image-307\" style=\"width:270px;height:190px\" width=\"270\" height=\"190\" srcset=\"https:\/\/taramboyle.fr\/wp-content\/uploads\/2022\/08\/1661502068870615-0.png 1024w, https:\/\/taramboyle.fr\/wp-content\/uploads\/2022\/08\/1661502068870615-0-600x422.png 600w, https:\/\/taramboyle.fr\/wp-content\/uploads\/2022\/08\/1661502068870615-0-300x211.png 300w, https:\/\/taramboyle.fr\/wp-content\/uploads\/2022\/08\/1661502068870615-0-768x541.png 768w\" sizes=\"auto, (max-width: 270px) 100vw, 270px\" \/><\/figure>\n<\/div>\n\n\n<h2 class=\"wp-block-heading\">Didier<\/h2>\n\n\n\n<p><strong><em>Quel est ton roman pr\u00e9f\u00e9r\u00e9 de Taram ?<\/em><\/strong><\/p>\n\n\n\n<p><em>J\u2019ai lu, plut\u00f4t d\u00e9vor\u00e9, l\u2019int\u00e9grale de L\u2019amour d\u2019un ma\u00eetre, et moi qui ai plut\u00f4t l\u2019habitude de lire des policiers historiques, j\u2019ai \u00e9t\u00e9 transport\u00e9 rapidement dans ton monde.<\/em><\/p>\n\n\n\n<p><strong><em>Pourquoi \u00ab L&rsquo;Amour d&rsquo;un Ma\u00eetre \u00bb ?<br><\/em><\/strong><em>J\u2019ai appr\u00e9ci\u00e9 l\u2019intrigue tortueuse et rebondissante, la psychologie des personnages, qui fait que l\u2019on s\u2019attache aux h\u00e9ros de ton livre et bien s\u00fbr ta mani\u00e8re de traiter les sc\u00e8nes torrides en sachant nous transporter dans les plaisirs, sans jamais \u00eatre cru, bien que les rapports se passent dans la sph\u00e8re SM.<br>Le final m\u2019a laiss\u00e9 sur ma fin et c\u2019est \u00e0 regret que j\u2019ai laiss\u00e9 nos deux h\u00e9ros dans le sable des dunes continuer leurs aventures et vivre leur amour hors des sentiers battus.<\/em><\/p>\n\n\n\n<p>@DURANDD07461149<\/p>\n\n\n<div class=\"wp-block-image\">\n<figure class=\"alignleft size-full is-resized\"><img loading=\"lazy\" decoding=\"async\" src=\"https:\/\/taramboyle.fr\/wp-content\/uploads\/2023\/06\/2023-06-16_16-42-1.png\" alt=\"\" class=\"wp-image-234\" style=\"width:218px;height:296px\" width=\"218\" height=\"296\" srcset=\"https:\/\/taramboyle.fr\/wp-content\/uploads\/2023\/06\/2023-06-16_16-42-1.png 587w, https:\/\/taramboyle.fr\/wp-content\/uploads\/2023\/06\/2023-06-16_16-42-1-221x300.png 221w\" sizes=\"auto, (max-width: 218px) 100vw, 218px\" \/><figcaption class=\"wp-element-caption\">Le nouveau Taram Boyle<\/figcaption><\/figure>\n<\/div>\n\n\n<h2 class=\"wp-block-heading\">Fr\u00e9d\u00e9ric<\/h2>\n\n\n\n<p><em><strong>Quels sont tes \u00e9crivains pr\u00e9f\u00e9r\u00e9s ?<\/strong><\/em><br><em>Taram boyle<br>Emy bloom<br>Maxime Desmartins<br>Rudy gestin<br>Kaya<br>S\u00e9verine Balavoine<br>Aurore kopeck<br>Lily haime<\/em><\/p>\n\n\n\n<p><em><strong>Quel est ton roman pr\u00e9f\u00e9r\u00e9 de Taram ?<\/strong><br>Un Amant en or<\/em><\/p>\n\n\n\n<p><strong><em>Pourquoi \u00ab Un Amant en or \u00bb ?<\/em><\/strong><\/p>\n\n\n\n<p><em>Et ce qui m a plu, c&rsquo; &lsquo;est l&rsquo;histoire, l&rsquo;homophobie, l&rsquo;app\u00e2t du gain, la diff\u00e9rence d&rsquo; \u00e2ge en amour qui peut \u00eatre un frein et qui peut \u00eatre aussi une bonne chose remplie de sensations et de nouvelles choses apport\u00e9es l&rsquo; &lsquo;un \u00e0 l&rsquo; &lsquo;autre. Et aussi quelques sueurs froides \u00e0 certains passages du livre, o\u00f9 tu d\u00e9couvres la mort et apr\u00e8s enfin tu comprends et constate autre chose sans vouloir tout d\u00e9voiler de l histoire et de l intrigue&#8230;<\/em><\/p>\n\n\n<div class=\"wp-block-image\">\n<figure class=\"alignleft size-large is-resized\"><img loading=\"lazy\" decoding=\"async\" src=\"https:\/\/taramboyle.fr\/wp-content\/uploads\/2023\/08\/230523_Couverture_Les_Amants_Inseparables_32373x23495A4-672x1024.png\" alt=\"Les Amants ins\u00e9parables, de Taram Boyle\" class=\"wp-image-25\" style=\"width:150px;height:228px\" width=\"150\" height=\"228\"\/><\/figure>\n<\/div>\n\n\n<h2 class=\"wp-block-heading\">Christophe<\/h2>\n\n\n\n<p><em><strong>Quels sont tes \u00e9crivains pr\u00e9f\u00e9r\u00e9s ?<\/strong><\/em><br><em>Je n\u2019ai pas d\u2019\u00e9crivain pr\u00e9f\u00e9r\u00e9. Je lis beaucoup de biographie, de t\u00e9moignages, d\u2019histoires vraies.<\/em><\/p>\n\n\n\n<p><em><strong>Quel est ton roman pr\u00e9f\u00e9r\u00e9 de Taram ?<br><\/strong>Mon roman pr\u00e9f\u00e9r\u00e9 ? Je l\u2019es aimes tous ! J\u2019en ai lu 5, mais si faut choisir c\u2019est \u00ab Les Amants ins\u00e9parables \u00bb<\/em><\/p>\n\n\n\n<p><strong><em>Pourquoi \u00ab Les Amants ins\u00e9parables \u00bb ?<\/em><\/strong><\/p>\n\n\n\n<p><em> L\u2019histoire de Thomas avec son neveu, c&rsquo;est une tr\u00e8s belle histoire.<\/em><\/p>\n\n\n\n<p><\/p>\n\n\n\n<p><\/p>\n\n\n\n<p><\/p>\n\n\n<div class=\"wp-block-image\">\n<figure class=\"alignleft size-large is-resized\"><img loading=\"lazy\" decoding=\"async\" src=\"https:\/\/taramboyle.fr\/wp-content\/uploads\/2023\/08\/220629_Couv_T1_LAmour_dun_maitre_Taram_Boyle_15.24x22.86_INTEGRAL_RELIE_COLLECTOR__1-747x1024.jpg\" alt=\"\" class=\"wp-image-18\" style=\"width:191px;height:261px\" width=\"191\" height=\"261\" srcset=\"https:\/\/taramboyle.fr\/wp-content\/uploads\/2023\/08\/220629_Couv_T1_LAmour_dun_maitre_Taram_Boyle_15.24x22.86_INTEGRAL_RELIE_COLLECTOR__1-747x1024.jpg 747w, https:\/\/taramboyle.fr\/wp-content\/uploads\/2023\/08\/220629_Couv_T1_LAmour_dun_maitre_Taram_Boyle_15.24x22.86_INTEGRAL_RELIE_COLLECTOR__1-scaled-600x823.jpg 600w, https:\/\/taramboyle.fr\/wp-content\/uploads\/2023\/08\/220629_Couv_T1_LAmour_dun_maitre_Taram_Boyle_15.24x22.86_INTEGRAL_RELIE_COLLECTOR__1-219x300.jpg 219w, https:\/\/taramboyle.fr\/wp-content\/uploads\/2023\/08\/220629_Couv_T1_LAmour_dun_maitre_Taram_Boyle_15.24x22.86_INTEGRAL_RELIE_COLLECTOR__1-768x1053.jpg 768w, https:\/\/taramboyle.fr\/wp-content\/uploads\/2023\/08\/220629_Couv_T1_LAmour_dun_maitre_Taram_Boyle_15.24x22.86_INTEGRAL_RELIE_COLLECTOR__1-1120x1536.jpg 1120w, https:\/\/taramboyle.fr\/wp-content\/uploads\/2023\/08\/220629_Couv_T1_LAmour_dun_maitre_Taram_Boyle_15.24x22.86_INTEGRAL_RELIE_COLLECTOR__1-1493x2048.jpg 1493w, https:\/\/taramboyle.fr\/wp-content\/uploads\/2023\/08\/220629_Couv_T1_LAmour_dun_maitre_Taram_Boyle_15.24x22.86_INTEGRAL_RELIE_COLLECTOR__1-scaled.jpg 1867w\" sizes=\"auto, (max-width: 191px) 100vw, 191px\" \/><\/figure>\n<\/div>\n\n\n<h2 class=\"wp-block-heading\">@DroneSoumis<\/h2>\n\n\n\n<p><strong>Quels sont tes \u00e9crivains pr\u00e9f\u00e9r\u00e9s ?<br><\/strong><em>Agatha Christie, Stuart Evans, Taram Boyle et bien s\u00fbr, les classiques, Hugo, Stendhal, Poe. Je n&rsquo;ai pas un style bien d\u00e9fini, m\u00eame si je suis tr\u00e8s port\u00e9 sur la litt\u00e9rature gay.<\/em><\/p>\n\n\n\n<p><strong>Quel est ton roman pr\u00e9f\u00e9r\u00e9 de Taram ?<br><\/strong><em>Mon roman pr\u00e9f\u00e9r\u00e9 ce serait L\u2019amour d\u2019un ma\u00eetre.<\/em><\/p>\n\n\n\n<p><strong>Pourquoi ce roman ?<\/strong><\/p>\n\n\n\n<p>Il y a d\u00e9j\u00e0 tout ce que j&rsquo;aime dans tes histoires. Il y a une romance, une tendresse qui se cr\u00e9e tout au long de l&rsquo;histoire, sans qu&rsquo;elle ne devienne lisse. J&rsquo;aime les histoires gays qui se cr\u00e9ent autour d&rsquo;un passif, ou \u00e0 propos d&rsquo;une difficult\u00e9 d&rsquo;acceptation, la d\u00e9couverte de ses envies&#8230;. Si l&rsquo;histoire est toute lisse, autant regarder un film sp\u00e9cialis\u00e9 sur les multiples plateformes, mais \u00e7a m&rsquo;int\u00e9resse pas. Ce que j&rsquo;aime, c&rsquo;est l&rsquo;histoire et la romance. Sinon, ce qui m&rsquo;a aussi attir\u00e9 dans ce livre, c&rsquo;est l&rsquo;histoire de la soumission qui fait \u00e9cho \u00e0 mon cot\u00e9 Drone soumis, je me suis beaucoup retrouv\u00e9 dans cette histoire, entre amour et soumission. C&rsquo;est typiquement le genre d&rsquo;histoire que j&rsquo;aimerais vivre, m\u00eame si j&rsquo;ai surtout pr\u00e9f\u00e9r\u00e9 la premi\u00e8re partie de l&rsquo;histoire qui gardait la \u00ab\u00a0dimension\u00a0\u00bb de jeu r\u00e9ciproque entre le Maitre et l&rsquo;esclave. J&rsquo;avoue que la deuxi\u00e8me partie est beaucoup plus Trash et heureusement que \u00e7a ne se passe pas comme cela dans l&rsquo;\u00e9norme majorit\u00e9 des cas ! Voila donc pourquoi j&rsquo;ai autant aim\u00e9 ce livre, la soumission et la relation chaude et torride entre les deux protagonistes. Alors bien \u00e9videmment j&rsquo;ai aussi d\u00e9vor\u00e9 les autres, mais tu as demand\u00e9 de n&rsquo;en choisir qu&rsquo;un, il a donc fallu faire un choix ! \ud83d\ude09<\/p>\n\n\n\n<h2 class=\"wp-block-heading\"><strong>La Plume piquante<\/strong><\/h2>\n\n\n<div class=\"wp-block-image\">\n<figure class=\"alignleft size-large is-resized\"><img loading=\"lazy\" decoding=\"async\" src=\"https:\/\/taramboyle.fr\/wp-content\/uploads\/2023\/08\/230523_Couverture_Les_Amants_Inseparables_32373x23495A4-672x1024.png\" alt=\"Les Amants ins\u00e9parables, de Taram Boyle\" class=\"wp-image-25\" style=\"width:175px;height:267px\" width=\"175\" height=\"267\"\/><\/figure>\n<\/div>\n\n\n<p><strong>Quels sont tes \u00e9crivains pr\u00e9f\u00e9r\u00e9s ?<br><\/strong><em>Giacometti &amp; Ravenne, Neal Shusterman, Mireille Calmel&#8230; J&rsquo;aime bien aussi les romans gays de Jean-Paul Tapie, Nicolas Henri&#8230; <\/em><\/p>\n\n\n\n<p><strong>Quel est ton roman pr\u00e9f\u00e9r\u00e9 de Taram ?<br><\/strong><em>Mon roman pr\u00e9f\u00e9r\u00e9 de toi, pour le moment, c&rsquo;est \u00ab Les amants ins\u00e9parables \u00bb ^^ <\/em><\/p>\n\n\n\n<p><strong>Pourquoi ce roman ?<\/strong><\/p>\n\n\n\n<p><em>Ce que j&rsquo;ai aim\u00e9 dans ce roman, c&rsquo;est surtout la diff\u00e9rence d&rsquo;\u00e2ge entre Tom et Eliott, la puissance de leur d\u00e9sir r\u00e9ciproque et le fait qu&rsquo;ils soient pour ainsi dire pr\u00eats \u00e0 tout pour \u00eatre ensemble. Comme je l&rsquo;ai d\u00e9j\u00e0 \u00e9crit, il y a des passages que j&rsquo;ai lus d&rsquo;une seule main ^^.<\/em><\/p>\n\n\n\n<h2 class=\"wp-block-heading\">Ricky<\/h2>\n\n\n<div class=\"wp-block-image\">\n<figure class=\"alignleft size-large is-resized\"><img loading=\"lazy\" decoding=\"async\" src=\"https:\/\/taramboyle.fr\/wp-content\/uploads\/2023\/08\/220629_Couv_T1_LAmour_dun_maitre_Taram_Boyle_15.24x22.86_INTEGRAL_RELIE_COLLECTOR__1-747x1024.jpg\" alt=\"\" class=\"wp-image-18\" style=\"width:161px;height:221px\" width=\"161\" height=\"221\" srcset=\"https:\/\/taramboyle.fr\/wp-content\/uploads\/2023\/08\/220629_Couv_T1_LAmour_dun_maitre_Taram_Boyle_15.24x22.86_INTEGRAL_RELIE_COLLECTOR__1-747x1024.jpg 747w, https:\/\/taramboyle.fr\/wp-content\/uploads\/2023\/08\/220629_Couv_T1_LAmour_dun_maitre_Taram_Boyle_15.24x22.86_INTEGRAL_RELIE_COLLECTOR__1-scaled-600x823.jpg 600w, https:\/\/taramboyle.fr\/wp-content\/uploads\/2023\/08\/220629_Couv_T1_LAmour_dun_maitre_Taram_Boyle_15.24x22.86_INTEGRAL_RELIE_COLLECTOR__1-219x300.jpg 219w, https:\/\/taramboyle.fr\/wp-content\/uploads\/2023\/08\/220629_Couv_T1_LAmour_dun_maitre_Taram_Boyle_15.24x22.86_INTEGRAL_RELIE_COLLECTOR__1-768x1053.jpg 768w, https:\/\/taramboyle.fr\/wp-content\/uploads\/2023\/08\/220629_Couv_T1_LAmour_dun_maitre_Taram_Boyle_15.24x22.86_INTEGRAL_RELIE_COLLECTOR__1-1120x1536.jpg 1120w, https:\/\/taramboyle.fr\/wp-content\/uploads\/2023\/08\/220629_Couv_T1_LAmour_dun_maitre_Taram_Boyle_15.24x22.86_INTEGRAL_RELIE_COLLECTOR__1-1493x2048.jpg 1493w, https:\/\/taramboyle.fr\/wp-content\/uploads\/2023\/08\/220629_Couv_T1_LAmour_dun_maitre_Taram_Boyle_15.24x22.86_INTEGRAL_RELIE_COLLECTOR__1-scaled.jpg 1867w\" sizes=\"auto, (max-width: 161px) 100vw, 161px\" \/><\/figure>\n<\/div>\n\n\n<p><strong>Quels sont tes \u00e9crivains pr\u00e9f\u00e9r\u00e9s ?<br><\/strong><em>Je n&rsquo;en ai pas sp\u00e9cialement. Je lis un peu de tout en g\u00e9n\u00e9ral. Beaucoup moins qu&rsquo;avant. Donc je pr\u00e9f\u00e8re les livres courts et simples qui sont plus faciles \u00e0 lire et terminer. \u00ab Le Comte de Monte Cristo \u00bb d&rsquo;Alexandre Dumas, j&rsquo;y suis encore et pas moyen de le finir.\u00a0<\/em><\/p>\n\n\n\n<p><strong>Quel est ton roman pr\u00e9f\u00e9r\u00e9 de Taram ?<br><\/strong><em>\u00ab L&rsquo;Amour d&rsquo;un maitre \u00bb, Tomes 1 &amp; 2<\/em><\/p>\n\n\n\n<p><strong>Pourquoi ce roman ?<\/strong><\/p>\n\n\n\n<p>Malgr\u00e9 leurs p\u00e9rip\u00e9ties ils ont montr\u00e9 et prouv\u00e9 leur amour l&rsquo;un envers l&rsquo;autre, ce qui a \u00e9t\u00e9, jusqu&rsquo;\u00e0 la fin, tr\u00e8s beau et tr\u00e8s \u00e9mouvant \u00e0 lire.\u00a0Oui le deuxi\u00e8me volet est plus trash, mais voir leur amour triompher plus que tout ma transport\u00e9 au-del\u00e0 du r\u00e9el.\u00a0<\/p>\n\n\n\n<p><\/p>\n\n\n\n<p><\/p>\n\n\n\n<h2 class=\"wp-block-heading\">Toi aussi !<\/h2>\n\n\n\n<p><strong><em>R\u00e9ponds \u00e0 ces 3 questions et envoie ta r\u00e9ponse \u00e0 taramboyle1(a)gmail.com<\/em><\/strong><\/p>\n\n\n\n<p><strong>Quels sont tes \u00e9crivains pr\u00e9f\u00e9r\u00e9s ?<br>Quel est ton roman pr\u00e9f\u00e9r\u00e9 de Taram ?<br>Pourquoi ce roman ?<\/strong><\/p>\n\n\n\n<p><strong><em>Merci d&rsquo;avance !<\/em><\/strong><\/p>\n","protected":false},"excerpt":{"rendered":"<p>St\u00e9phanie Quels sont tes \u00e9crivains pr\u00e9f\u00e9r\u00e9s ? Taram Boyle, Harlan Coben et Franck Thilliez Quel est ton roman pr\u00e9f\u00e9r\u00e9 de Taram ? Honn\u00eatement je les ai tous appr\u00e9ci\u00e9s et il est difficile de faire un choix, cependant je dirais que les deux tomes de \u00ab L&rsquo;Amour d&rsquo;un ma\u00eetre \u00bb sont ceux qui m\u2019ont le plus [&hellip;]<\/p>\n","protected":false},"author":1,"featured_media":307,"parent":0,"menu_order":0,"comment_status":"closed","ping_status":"closed","template":"","meta":{"footnotes":""},"class_list":["post-497","page","type-page","status-publish","has-post-thumbnail","hentry"],"_links":{"self":[{"href":"https:\/\/taramboyle.fr\/index.php\/wp-json\/wp\/v2\/pages\/497","targetHints":{"allow":["GET"]}}],"collection":[{"href":"https:\/\/taramboyle.fr\/index.php\/wp-json\/wp\/v2\/pages"}],"about":[{"href":"https:\/\/taramboyle.fr\/index.php\/wp-json\/wp\/v2\/types\/page"}],"author":[{"embeddable":true,"href":"https:\/\/taramboyle.fr\/index.php\/wp-json\/wp\/v2\/users\/1"}],"replies":[{"embeddable":true,"href":"https:\/\/taramboyle.fr\/index.php\/wp-json\/wp\/v2\/comments?post=497"}],"version-history":[{"count":17,"href":"https:\/\/taramboyle.fr\/index.php\/wp-json\/wp\/v2\/pages\/497\/revisions"}],"predecessor-version":[{"id":571,"href":"https:\/\/taramboyle.fr\/index.php\/wp-json\/wp\/v2\/pages\/497\/revisions\/571"}],"wp:featuredmedia":[{"embeddable":true,"href":"https:\/\/taramboyle.fr\/index.php\/wp-json\/wp\/v2\/media\/307"}],"wp:attachment":[{"href":"https:\/\/taramboyle.fr\/index.php\/wp-json\/wp\/v2\/media?parent=497"}],"curies":[{"name":"wp","href":"https:\/\/api.w.org\/{rel}","templated":true}]}}